{"id":6226,"date":"2024-09-06T12:33:12","date_gmt":"2024-09-06T15:33:12","guid":{"rendered":"https:\/\/cassiaalborni.com\/gcp\/?post_type=product&#038;p=6226"},"modified":"2024-09-06T12:48:43","modified_gmt":"2024-09-06T15:48:43","slug":"consultoria-cassiaalborni","status":"publish","type":"product","link":"https:\/\/cassiaalborni.com\/gcp\/produto\/consultoria-cassiaalborni\/","title":{"rendered":"Consultoria Cassia Alborni"},"content":{"rendered":"<p>A consultoria conta com 3 passos que ir\u00e3o solucionar o seu cabelo definitivamente:<\/p>\n<p>1- Teste Capilar: aqui voc\u00ea ir\u00e1 descobrir qual seu tipo de cabelo especificamente.<\/p>\n<p>2- Encontro Virtual: n\u00f3s iremos marcar um encontro de 1h onde eu irei analisar o seu cabelo por v\u00eddeo-chamada e a partir dessa an\u00e1lise vamos montar uma estrat\u00e9gia de tratamento espec\u00edfico para o seu caso.<\/p>\n<p>3- Produtos Exclusivos &#8211; Linha Cassia Alborni 100% Natural.<\/p>\n<p>Agora vem a cereja do bolo.<br \/>\nQuantas vezes voc\u00ea ficou sem realizar o seu tratamento porque n\u00e3o consegue comprar os produtos, n\u00e3o encontra nas lojas ou simplesmente n\u00e3o tem acesso?<\/p>\n<p>No nosso pacote, eu vou te enviar TODOS, sim TODOS MESMO, os produtos que voc\u00ea precisa para realizar o seu tratamento.<\/p>\n<p>E neste pacote est\u00e3o inclusos:<\/p>\n<p>1 Shampoo Natural (R$ 129,00)<br \/>\n1 Condicionador\u00a0 Revitalizante (R$ 149,00)<br \/>\n1 A Melhor M\u00e1scara (R$ 149,00)<br \/>\n1 M\u00e1scara de Manuten\u00e7\u00e3o (R$ 129,00)<br \/>\n1 Blindagem do couro cabeludo -feito com blend e \u00f3leos essenciais espec\u00edficos para seu tipo de couro cabeludo-\u00a0 (R$ 159,00)<br \/>\n1 Blend For\u00e7a Total (\u00f3leos vegetais e \u00f3leo essencialpara seu patr\u00e3o de haste (R$ 159,00)<br \/>\n1 Gel de Aloe vera (R$ 68,00)<br \/>\n1 Argila Pura (R$ 99,00)<br \/>\n1 \u00c1gua Floral (R$ 99,00)<br \/>\n1 Finalizador (R$ 169,00)<\/p>\n<p>A soma desses produtos est\u00e1 em R$ 1.303,00<br \/>\nA Consultoria Personalizada (apenas) est\u00e1 custando R$ 799<\/p>\n<p>Totalizando R$ 2.102,00<\/p>\n<p>Fora isso voc\u00ea ter\u00e1 acesso aos nossos encontros de tira-d\u00favidas e muito mais.<\/p>\n","protected":false},"excerpt":{"rendered":"<p>voc\u00ea embarcar\u00e1 em uma jornada \u00fanica de transforma\u00e7\u00e3o e cuidado.<\/p>\n","protected":false},"featured_media":2605,"comment_status":"open","ping_status":"closed","template":"","meta":{"_acf_changed":false,"_monsterinsights_skip_tracking":false,"_monsterinsights_sitenote_active":false,"_monsterinsights_sitenote_note":"","_monsterinsights_sitenote_category":0},"product_cat":[32,64,35],"product_tag":[],"acf":[],"aioseo_notices":[],"_links":{"self":[{"href":"https:\/\/cassiaalborni.com\/gcp\/wp-json\/wp\/v2\/product\/6226"}],"collection":[{"href":"https:\/\/cassiaalborni.com\/gcp\/wp-json\/wp\/v2\/product"}],"about":[{"href":"https:\/\/cassiaalborni.com\/gcp\/wp-json\/wp\/v2\/types\/product"}],"replies":[{"embeddable":true,"href":"https:\/\/cassiaalborni.com\/gcp\/wp-json\/wp\/v2\/comments?post=6226"}],"version-history":[{"count":1,"href":"https:\/\/cassiaalborni.com\/gcp\/wp-json\/wp\/v2\/product\/6226\/revisions"}],"predecessor-version":[{"id":6227,"href":"https:\/\/cassiaalborni.com\/gcp\/wp-json\/wp\/v2\/product\/6226\/revisions\/6227"}],"wp:featuredmedia":[{"embeddable":true,"href":"https:\/\/cassiaalborni.com\/gcp\/wp-json\/wp\/v2\/media\/2605"}],"wp:attachment":[{"href":"https:\/\/cassiaalborni.com\/gcp\/wp-json\/wp\/v2\/media?parent=6226"}],"wp:term":[{"taxonomy":"product_cat","embeddable":true,"href":"https:\/\/cassiaalborni.com\/gcp\/wp-json\/wp\/v2\/product_cat?post=6226"},{"taxonomy":"product_tag","embeddable":true,"href":"https:\/\/cassiaalborni.com\/gcp\/wp-json\/wp\/v2\/product_tag?post=6226"}],"curies":[{"name":"wp","href":"https:\/\/api.w.org\/{rel}","templated":true}]}}