{"id":6115,"date":"2024-05-04T18:17:18","date_gmt":"2024-05-04T21:17:18","guid":{"rendered":"https:\/\/cassiaalborni.com\/gcp\/?post_type=product&#038;p=6115"},"modified":"2025-10-13T10:58:36","modified_gmt":"2025-10-13T13:58:36","slug":"nature-power-repair","status":"publish","type":"product","link":"https:\/\/cassiaalborni.com\/gcp\/produto\/nature-power-repair\/","title":{"rendered":"Nature Power &#8211; Repair"},"content":{"rendered":"<p>Nosso <strong>Reparador de pontas Ultra premium<\/strong> \u00e9 uma arranjo de ingredientes naturais e puros.<\/p>\n<p>Uma combina\u00e7\u00e3o precisa de 3 \u00f3leos Vegetais:<\/p>\n<p>&#8211;<\/p>\n<ul>\n<li><strong>\u00d3leo de Argan<\/strong> importado do sul do Marrocos, prensado a frio e com TODOS os nutrientes em alta biodisponibilidade para o seu fio.<\/li>\n<li><strong>\u00d3leo de abacate extra virgem<\/strong> e tamb\u00e9m prensado \u00e0 frio amplia o potencial nutritivo e regenerador.<\/li>\n<li><strong>\u00d3leo de semente de uva<\/strong> prensado a frio \u00e9 quem traz leveza para esse blend al\u00e9m de ser um poderoso antioxidante protegendo os fios de todas as agress\u00f5es externas.<\/li>\n<\/ul>\n<p>Toda a riquesa dos \u00f3leos essenciais est\u00e3o presentes na nossa f\u00f3rmula que conta com SEIS OEs:<\/p>\n<ul>\n<li><strong>\u00d3leo essencial de Tangerina<\/strong> (frescor e brilho)<\/li>\n<li><strong>\u00d3leo essencial de Lim\u00e3o Siciliano<\/strong> (amplia as notas c\u00edtricas e o brilho nos fios)<\/li>\n<li><strong>\u00d3leo essencial de Palmarosa<\/strong> (delicadeza do toque e aroma delicado e feminino, estimula o auto-amor)<\/li>\n<li><strong>\u00d3leo essencial de Patchouli<\/strong> (o balsamo de peles maduras presente trazendo tons almiscar e amadeirados al\u00e9m de promover a estabiliza\u00e7\u00e3o ps\u00edquica)<\/li>\n<li><strong>\u00d3leo essencial de Lavanda Francesa<\/strong> (diferente das outras lavandas, ela \u00e9 rica em Linalol e por isso \u00e9 considerada o maior calmante natural j\u00e1 conhecido, al\u00e9m de trazer o aroma delicioso dos campos de Lavanda no norte da Fran\u00e7a para nossa composi\u00e7\u00e3o)<\/li>\n<li>E a nossa estrela: <strong>\u00d3leo essencial de Ol\u00edbano do Deserto<\/strong> (traz as notas mais marcantes e nobres do nosso blend al\u00e9m de aumentar a maciez e o toque sedoso nos fios, al\u00e9m disso transfere toda sua nobreza e exclusividade atrav\u00e9s de uma fragr\u00e2ncia marcante)<\/li>\n<\/ul>\n<p>Al\u00e9m de tudo isso, nosso Repair conta com o poder da Vitamina E e o D-Pantenol que aumentam e muito o toque macio e suave dos cabelos al\u00e9m de ajudar na prote\u00e7\u00e3o contra as agress\u00f5es externas.<\/p>\n<p>&nbsp;<\/p>\n","protected":false},"excerpt":{"rendered":"<p>Nosso <strong>Reparador de pontas Ultra premium<\/strong> \u00e9 uma arranjo de ingredientes naturais e puros.<\/p>\n","protected":false},"featured_media":6116,"comment_status":"open","ping_status":"closed","template":"","meta":{"_acf_changed":false,"_monsterinsights_skip_tracking":false,"_monsterinsights_sitenote_active":false,"_monsterinsights_sitenote_note":"","_monsterinsights_sitenote_category":0},"product_cat":[60,41],"product_tag":[],"acf":[],"aioseo_notices":[],"_links":{"self":[{"href":"https:\/\/cassiaalborni.com\/gcp\/wp-json\/wp\/v2\/product\/6115"}],"collection":[{"href":"https:\/\/cassiaalborni.com\/gcp\/wp-json\/wp\/v2\/product"}],"about":[{"href":"https:\/\/cassiaalborni.com\/gcp\/wp-json\/wp\/v2\/types\/product"}],"replies":[{"embeddable":true,"href":"https:\/\/cassiaalborni.com\/gcp\/wp-json\/wp\/v2\/comments?post=6115"}],"version-history":[{"count":1,"href":"https:\/\/cassiaalborni.com\/gcp\/wp-json\/wp\/v2\/product\/6115\/revisions"}],"predecessor-version":[{"id":6117,"href":"https:\/\/cassiaalborni.com\/gcp\/wp-json\/wp\/v2\/product\/6115\/revisions\/6117"}],"wp:featuredmedia":[{"embeddable":true,"href":"https:\/\/cassiaalborni.com\/gcp\/wp-json\/wp\/v2\/media\/6116"}],"wp:attachment":[{"href":"https:\/\/cassiaalborni.com\/gcp\/wp-json\/wp\/v2\/media?parent=6115"}],"wp:term":[{"taxonomy":"product_cat","embeddable":true,"href":"https:\/\/cassiaalborni.com\/gcp\/wp-json\/wp\/v2\/product_cat?post=6115"},{"taxonomy":"product_tag","embeddable":true,"href":"https:\/\/cassiaalborni.com\/gcp\/wp-json\/wp\/v2\/product_tag?post=6115"}],"curies":[{"name":"wp","href":"https:\/\/api.w.org\/{rel}","templated":true}]}}