{"id":5848,"date":"2024-02-26T17:40:57","date_gmt":"2024-02-26T20:40:57","guid":{"rendered":"https:\/\/cassiaalborni.com\/gcp\/?post_type=product&#038;p=5848"},"modified":"2024-02-26T17:40:57","modified_gmt":"2024-02-26T20:40:57","slug":"argila-verde-refreshing","status":"publish","type":"product","link":"https:\/\/cassiaalborni.com\/gcp\/produto\/argila-verde-refreshing\/","title":{"rendered":"Argila Verde &#8211; Refreshing"},"content":{"rendered":"<p>Altamente refrescante e renovadora, essa \u00e9 a nossa ARGILA VERDE~REFRESHING!<br \/>\nExtra\u00edda das mais puras fontes, nossa argila oferece um tratamento \u00fanico e eficaz para cabelo, rosto e pele, promovendo sa\u00fade, beleza e bem-estar.<\/p>\n<h4>Composi\u00e7\u00e3o Qu\u00edmica<\/h4>\n<p>Nossa Argila Verde \u00e9 rica em minerais como sil\u00edcio, alum\u00ednio, magn\u00e9sio, c\u00e1lcio, ferro, pot\u00e1ssio e mangan\u00eas, essenciais para a sa\u00fade e beleza da pele e do cabelo, promovendo uma verdadeira renova\u00e7\u00e3o celular.<\/p>\n<h4>Para o Cabelo<\/h4>\n<ol>\n<li><strong>Hidrata\u00e7\u00e3o Profunda:<\/strong> A Argila Verde regula a oleosidade do couro cabeludo, enquanto mant\u00e9m a hidrata\u00e7\u00e3o necess\u00e1ria para cabelos saud\u00e1veis.<\/li>\n<li><strong>Crescimento Estimulado:<\/strong> Rico em minerais, promove a circula\u00e7\u00e3o sangu\u00ednea favorecendo o crescimento.<\/li>\n<li><strong>Combate \u00e0 Caspa e Seborreia:<\/strong> Suas propriedades adstringentes e desintoxicantes s\u00e3o eficazes contra a caspa e seborreia.<\/li>\n<li><strong>Limpeza Profunda:<\/strong> Remove impurezas e res\u00edduos qu\u00edmicos, ideal para cabelos tratados quimicamente.<\/li>\n<li><strong>Restaura\u00e7\u00e3o dos Fios:<\/strong> Ajuda na recupera\u00e7\u00e3o da sa\u00fade e brilho natural dos cabelos.<\/li>\n<\/ol>\n<h4>Para o Rosto<\/h4>\n<p>A Argila Verde oferece uma limpeza profunda, reduzindo a oleosidade e melhorando a apar\u00eancia de poros. Suas propriedades esfoliantes e tonificantes revitalizam a pele, deixando-a mais firme e jovem.<\/p>\n<h4>Para a Pele em Geral<\/h4>\n<p>Al\u00e9m de firmar e tonificar, a Argila Verde desintoxica, reduzindo celulite e estrias, e alivia dores musculares e articulares gra\u00e7as \u00e0s suas propriedades analg\u00e9sicas e anti-inflamat\u00f3rias.<\/p>\n<h4>Processo de Extra\u00e7\u00e3o Exclusivo<\/h4>\n<p>Nossa Argila Verde \u00e9 extra\u00edda com m\u00e9todos que preservam suas propriedades naturais e minerais, garantindo a mais alta qualidade e pureza para os nossos produtos.<\/p>\n<h4>Bibliografia<\/h4>\n<ul>\n<li>Delfino, Mariana T.; Medeiros, Graciela M. S.; Schlindwein, Aline D. &#8220;Green medicinal clay in the treatment of unspecified lumbar pain: clinical trial.&#8221; BrJP. Vol.3, n.3. 213-216, 2020.<\/li>\n<li>Guisoni, Taise D. G.; Ribeiro, Ivete M. &#8220;Benef\u00edcios da argila em procedimentos est\u00e9ticos.&#8221; Est\u00e9tica e Bem Estar-Tubar\u00e3o. 2018.<\/li>\n<li>Lopes, Lara F. M.; Medeiros, Graciela M. S. &#8220;Argilas medicinais: Potencial simb\u00f3lico e propriedades terap\u00eauticas das argilas em suas diversas cores.&#8221; Universidade do Sul de Santa Catarina &#8211; UNISUL. 2014.<\/li>\n<\/ul>\n<p>&nbsp;<\/p>\n<p><strong>Peso L\u00edquido: 100g<\/strong><\/p>\n","protected":false},"excerpt":{"rendered":"<h4>Para o Cabelo<\/h4>\n<ol>\n<li><strong>Hidrata\u00e7\u00e3o Profunda:<\/strong> A Argila Verde regula a oleosidade do couro cabeludo, enquanto mant\u00e9m a hidrata\u00e7\u00e3o necess\u00e1ria para cabelos saud\u00e1veis.<\/li>\n<li><strong>Crescimento Estimulado:<\/strong> Rico em minerais, promove a circula\u00e7\u00e3o sangu\u00ednea favorecendo o crescimento.<\/li>\n<li><strong>Combate \u00e0 Caspa e Seborreia:<\/strong> Suas propriedades adstringentes e desintoxicantes s\u00e3o eficazes contra a caspa e seborreia.<\/li>\n<li><strong>Limpeza Profunda:<\/strong> Remove impurezas e res\u00edduos qu\u00edmicos, ideal para cabelos tratados quimicamente.<\/li>\n<li><strong>Restaura\u00e7\u00e3o dos Fios:<\/strong> Ajuda na recupera\u00e7\u00e3o da sa\u00fade e brilho natural dos cabelos.<\/li>\n<\/ol>\n","protected":false},"featured_media":5849,"comment_status":"open","ping_status":"closed","template":"","meta":{"_acf_changed":false,"_monsterinsights_skip_tracking":false,"_monsterinsights_sitenote_active":false,"_monsterinsights_sitenote_note":"","_monsterinsights_sitenote_category":0},"product_cat":[84,41],"product_tag":[],"acf":[],"aioseo_notices":[],"_links":{"self":[{"href":"https:\/\/cassiaalborni.com\/gcp\/wp-json\/wp\/v2\/product\/5848"}],"collection":[{"href":"https:\/\/cassiaalborni.com\/gcp\/wp-json\/wp\/v2\/product"}],"about":[{"href":"https:\/\/cassiaalborni.com\/gcp\/wp-json\/wp\/v2\/types\/product"}],"replies":[{"embeddable":true,"href":"https:\/\/cassiaalborni.com\/gcp\/wp-json\/wp\/v2\/comments?post=5848"}],"version-history":[{"count":1,"href":"https:\/\/cassiaalborni.com\/gcp\/wp-json\/wp\/v2\/product\/5848\/revisions"}],"predecessor-version":[{"id":5854,"href":"https:\/\/cassiaalborni.com\/gcp\/wp-json\/wp\/v2\/product\/5848\/revisions\/5854"}],"wp:featuredmedia":[{"embeddable":true,"href":"https:\/\/cassiaalborni.com\/gcp\/wp-json\/wp\/v2\/media\/5849"}],"wp:attachment":[{"href":"https:\/\/cassiaalborni.com\/gcp\/wp-json\/wp\/v2\/media?parent=5848"}],"wp:term":[{"taxonomy":"product_cat","embeddable":true,"href":"https:\/\/cassiaalborni.com\/gcp\/wp-json\/wp\/v2\/product_cat?post=5848"},{"taxonomy":"product_tag","embeddable":true,"href":"https:\/\/cassiaalborni.com\/gcp\/wp-json\/wp\/v2\/product_tag?post=5848"}],"curies":[{"name":"wp","href":"https:\/\/api.w.org\/{rel}","templated":true}]}}