{"id":5810,"date":"2024-02-26T11:15:16","date_gmt":"2024-02-26T14:15:16","guid":{"rendered":"https:\/\/cassiaalborni.com\/gcp\/?post_type=product&#038;p=5810"},"modified":"2024-02-26T11:18:18","modified_gmt":"2024-02-26T14:18:18","slug":"oleo-essencial-cedro-da-virginia-premium","status":"publish","type":"product","link":"https:\/\/cassiaalborni.com\/gcp\/produto\/oleo-essencial-cedro-da-virginia-premium\/","title":{"rendered":"\u00d3leo Essencial Cedro da Virg\u00ednia &#8211; Premium"},"content":{"rendered":"<p>Destilado da madeira robusta de <em>Juniperus virginiana<\/em>, o Cedro da Virg\u00ednia \u00e9 um emblema de for\u00e7a e resist\u00eancia.<br \/>\nOrigin\u00e1rio das vastas florestas da Virg\u00ednia, este \u00f3leo essencial carrega em si a alma indom\u00e1vel da natureza americana, oferecendo uma fragr\u00e2ncia que \u00e9 ao mesmo tempo terrosa e reconfortante.<\/p>\n<h4>Composi\u00e7\u00e3o Singular<\/h4>\n<ul>\n<li><strong>Cedreno e Cedrol:<\/strong> Estes componentes conferem ao \u00f3leo suas not\u00e1veis propriedades calmantes e aterradoras.<\/li>\n<li><strong>Sesquiterpenos:<\/strong> Oferecem ao \u00f3leo essencial de Cedro da Virg\u00ednia suas caracter\u00edsticas antiss\u00e9pticas e anti-inflamat\u00f3rias.<\/li>\n<\/ul>\n<h4>Aromaterapia<\/h4>\n<p>Como um abra\u00e7o da natureza, o Cedro da Virg\u00ednia \u00e9 um ref\u00fagio para a mente, promovendo a tranquilidade e aterramento necess\u00e1rios nos momentos de agita\u00e7\u00e3o.<\/p>\n<h4>Cosm\u00e9tica<\/h4>\n<p>Este \u00f3leo n\u00e3o apenas nutre a pele com sua riqueza antioxidante, mas tamb\u00e9m traz um toque de vigor e rejuvenescimento, refletindo a robustez das \u00e1rvores de onde prov\u00e9m.<\/p>\n<h4>Uso Capilar<\/h4>\n<ul>\n<li><strong>Estimulante do Crescimento:<\/strong> Inspira os fol\u00edculos capilares a renovarem seu ciclo de crescimento, promovendo fios mais fortes e saud\u00e1veis.<\/li>\n<li><strong>Revitalizador do Couro Cabeludo:<\/strong> Sua a\u00e7\u00e3o purificante limpa e revitaliza o couro cabeludo, estabelecendo o cen\u00e1rio ideal para o nascimento de novos fios.<\/li>\n<li><strong>Hidrata\u00e7\u00e3o e For\u00e7a:<\/strong> Trabalha intensamente para hidratar e refor\u00e7ar a estrutura capilar, oferecendo uma prote\u00e7\u00e3o natural contra os elementos externos<\/li>\n<\/ul>\n<h4><strong>Rituais de Renova\u00e7\u00e3o:<\/strong><\/h4>\n<ol>\n<li><strong>\u00d3leo de Massagem Capilar:<\/strong> Uma alquimia que nutre e energiza o couro cabeludo, despertando os cabelos para uma nova vida.<\/li>\n<li><strong>T\u00f4nico Revigorante:<\/strong> Um elixir para fortalecer e proteger, infundindo vitalidade em cada mecha.<\/li>\n<\/ol>\n<h4>Precau\u00e7\u00f5es<\/h4>\n<p>N\u00e3o usar sob a pele ferida. Contra indicados para pessoas com press\u00e3o alta, peles sens\u00edveis e gestantes.<\/p>\n<h4>Nosso Compromisso<\/h4>\n<p>Importado de fornecedores selecionados diretamente dos Estados Unidos garantindo a m\u00e1xima qualidade na extra\u00e7\u00e3o e no armazenamento.<\/p>\n<p><span style=\"color: #808000;\"><strong>VOLUME: 10ml<\/strong><\/span><br \/>\n<span style=\"color: #808000;\"><strong>PRODUTO IMPORTADO<\/strong><\/span><br \/>\n<span style=\"color: #808000;\"><strong>ORIGEM: EUA<\/strong><\/span><\/p>\n","protected":false},"excerpt":{"rendered":"<ul>\n<li><strong>Estimulante do Crescimento:<\/strong> Inspira os fol\u00edculos capilares a renovarem seu ciclo de crescimento, promovendo fios mais fortes e saud\u00e1veis.<\/li>\n<li><strong>Revitalizador do Couro Cabeludo:<\/strong> Sua a\u00e7\u00e3o purificante limpa e revitaliza o couro cabeludo, estabelecendo o cen\u00e1rio ideal para o nascimento de novos fios.<\/li>\n<li><strong>Hidrata\u00e7\u00e3o e For\u00e7a:<\/strong> Trabalha intensamente para hidratar e refor\u00e7ar a estrutura capilar, oferecendo uma prote\u00e7\u00e3o natural contra os elementos externos<\/li>\n<\/ul>\n","protected":false},"featured_media":5811,"comment_status":"open","ping_status":"closed","template":"","meta":{"_acf_changed":false,"_monsterinsights_skip_tracking":false,"_monsterinsights_sitenote_active":false,"_monsterinsights_sitenote_note":"","_monsterinsights_sitenote_category":0},"product_cat":[80,41],"product_tag":[],"acf":[],"aioseo_notices":[],"_links":{"self":[{"href":"https:\/\/cassiaalborni.com\/gcp\/wp-json\/wp\/v2\/product\/5810"}],"collection":[{"href":"https:\/\/cassiaalborni.com\/gcp\/wp-json\/wp\/v2\/product"}],"about":[{"href":"https:\/\/cassiaalborni.com\/gcp\/wp-json\/wp\/v2\/types\/product"}],"replies":[{"embeddable":true,"href":"https:\/\/cassiaalborni.com\/gcp\/wp-json\/wp\/v2\/comments?post=5810"}],"version-history":[{"count":1,"href":"https:\/\/cassiaalborni.com\/gcp\/wp-json\/wp\/v2\/product\/5810\/revisions"}],"predecessor-version":[{"id":5812,"href":"https:\/\/cassiaalborni.com\/gcp\/wp-json\/wp\/v2\/product\/5810\/revisions\/5812"}],"wp:featuredmedia":[{"embeddable":true,"href":"https:\/\/cassiaalborni.com\/gcp\/wp-json\/wp\/v2\/media\/5811"}],"wp:attachment":[{"href":"https:\/\/cassiaalborni.com\/gcp\/wp-json\/wp\/v2\/media?parent=5810"}],"wp:term":[{"taxonomy":"product_cat","embeddable":true,"href":"https:\/\/cassiaalborni.com\/gcp\/wp-json\/wp\/v2\/product_cat?post=5810"},{"taxonomy":"product_tag","embeddable":true,"href":"https:\/\/cassiaalborni.com\/gcp\/wp-json\/wp\/v2\/product_tag?post=5810"}],"curies":[{"name":"wp","href":"https:\/\/api.w.org\/{rel}","templated":true}]}}